33. Is s composite?
True
Suppose 3*o - 37 = o + 5*v, -3*v - 15 = 0. Suppose -11*c = -o*c. Suppose -4*l - a + 848 = c, 6*a + 233 = l + a. Is l a composite number?
True
Let h be (2/1)/(-2) - 57. Suppose 3*b + 396 = -5*u, 3*u = 3*b - 159 - 93. Is u/18*h/3 prime?
False
Let l be ((-6)/(-3))/(1 + 1). Let u(z) = -372*z - 1. Let x be u(l). Let y = x + 666. Is y a composite number?
False
Suppose -538*q - 115341400 = -55*q - 323365153. Is q a prime number?
True
Let z(m) = 93*m + 164. Let q = -280 - -287. Is z(q) a composite number?
True
Let i(n) = n. Let g(z) = -17*z - 34. Let c(d) = -g(d) - i(d). Let p be c(8). Suppose q - p = -0*b - 2*b, 5*q - 336 = -4*b. Is b composite?
False
Is (-281960)/(-20) - (6/(-4) - 1/(-2)) a composite number?
True
Suppose 474*y = 354*y + 7795560. Is y prime?
False
Suppose 30 = 7*l - 2*l. Let m(p) = -49*p**3 - 7. Let b(h) = 48*h**3 - h + 7. Let v(d) = l*b(d) + 7*m(d). Is v(-2) a composite number?
True
Suppose 25*g - 103495 = -10*g. Let q = g - 1600. Is q composite?
True
Let d(b) = 40*b**3 + b**2 - 10*b + 7. Let c be d(4). Let z = 5694 - c. Let t = z - 114. Is t a prime number?
True
Let s(y) = 51*y**2 - 3*y + 1. Let j = -82 + 79. Let u be (-12)/4 + (-4 - -2 - j). Is s(u) a prime number?
True
Suppose 7*l - 1710 = 12899. Suppose l = 11*y - 25490. Suppose 2*u = -2*b + 2504, -b = -u + 3*u - y. Is u a prime number?
False
Suppose -5*a - 159320 = -10*a. Suppose -a = -3*i + 25286. Is 2/(i/(-4765) - -4) a prime number?
True
Is 4492948/19 + 49/931 prime?
True
Suppose -a - 4*z + 10 = -9, -5*a - 4*z = -63. Let f be -2 - 0 - (a + -6)*-13. Let o = -32 + f. Is o a composite number?
False
Let m(y) = 205*y**2 - 20*y + 28. Suppose u + 15*u = 80. Is m(u) a composite number?
True
Let j be 9/2 - 16/(-32). Suppose 6650 = -7*h + 3*h + 2*p, -j*p = 3*h + 4955. Let x = -741 - h. Is x a composite number?
False
Suppose -5*n = v - 335460, 15*n = 10*n - 5*v + 335480. Is n composite?
True
Is 6 + ((-9710090)/(-2))/13 prime?
False
Let r(j) = 59995*j**2 - 267*j - 527. Is r(-2) composite?
True
Suppose 3*j - 11*i = 18860 + 92624, 4*i = -3*j + 111589. Is j a prime number?
False
Let r(a) be the third derivative of 89*a**7/210 - a**6/360 + a**5/40 - a**4/12 - 6*a**2. Let s(u) be the second derivative of r(u). Is s(1) a prime number?
True
Let k(o) be the third derivative of -11*o**4/24 + o**3/3 - 6*o**2 + 4. Let u be k(1). Is (39/u)/((-5)/165) composite?
True
Let l(r) = 3*r**2 - 11*r + 17. Let y be l(11). Suppose 482 = 3*n - y. Suppose -3*h = -n - 1316. Is h a prime number?
True
Suppose 2452431 + 8948735 = 14*h - 1021496. Is h a composite number?
False
Let f(h) = -14*h + 1. Let b be f(-1). Let m(i) = i**3 + 9*i**2 - 21*i + 14. Let s be m(-11). Is s*(1 + 2750/b) a composite number?
True
Let n = 501046 - 282363. Is n prime?
False
Is ((-24)/9)/((-664)/27133779) prime?
True
Suppose -2*n - 3*v = 2*v + 328, -5*v = -3*n - 467. Let d = n - -232. Is d/1 + 0 + -4 prime?
False
Suppose -4*r - 12 = 2*q, 2*q + 5*r = -29 + 13. Suppose 0*y - 4*y = 24. Is 3/y*q*-1471 a composite number?
False
Suppose 138*s - 78*s = 9042420. Is s a composite number?
False
Suppose 3 = -0*y + y + g, 3*g = 4*y - 26. Suppose 30 + 12 = 3*f - 2*o, 3*f - 42 = -y*o. Let t(d) = 18*d - 29. Is t(f) composite?
False
Let f = -149 - -154. Suppose f*z - 6817 = -2*p, 2*z = 5*p - 0*z - 16999. Is p a composite number?
True
Suppose 0 = 104*y - 7899291 - 19785613. Is y a prime number?
False
Suppose 4 = -4*b, 2*i + 0*i + 21 = -5*b. Let y(s) = 93*s**2 + 3*s + 10. Let n(w) = 278*w**2 + 9*w + 29. Let x(z) = i*y(z) + 3*n(z). Is x(4) a prime number?
True
Suppose k + 4*k = x + 25, -3*x = k - 21. Let z(a) = -38895 + 19462 + 2*a**3 + 19448 + 2*a**2. Is z(k) a composite number?
True
Suppose 46 = 3*k - 5*q, 4*q = -5*k + 15 - 0. Is (1361 - (12 - 5)) + k composite?
False
Suppose 2*z + 2*z - 870 = -2*t, 5*t - 2184 = -z. Let s = t - 142. Suppose -38 - s = -3*p. Is p composite?
True
Let z(c) = c**3 + 10*c**2 - 4*c - 27. Let a be z(-10). Let h(t) = 26*t**2 + t - 16. Is h(a) a composite number?
False
Let i(l) = -11*l**3 + 9*l**2 + 10*l + 227. Is i(-17) a prime number?
True
Let o be ((-63)/(-56)*-2)/((-1)/4). Let x(w) be the second derivative of w**5/20 + 13*w**4/12 - 2*w**3/3 - 11*w**2/2 - 12*w. Is x(o) a composite number?
True
Let k be (-4 - 0)/1 + 6. Suppose 34 - 107 = -k*j - 3*d, 3*j - 107 = -4*d. Let y = j - -18. Is y composite?
False
Let w be 3/((-3)/71) - -1. Let t = -1359 - -1746. Let s = t + w. Is s prime?
True
Let w(d) = 9*d**2 - 4*d - 6. Suppose -3*m + 5*f = -20, -f + 5*f + 16 = 2*m. Suppose -o + 5*o - 36 = m. Is w(o) prime?
False
Suppose -67*n - 16 = -51*n. Is (1 - (n - 7905)) + (-3 - -5) prime?
False
Let s(d) = 536*d**2 + 80*d + 18. Let f(p) = 107*p**2 + 16*p + 4. Let q(z) = 11*f(z) - 2*s(z). Is q(11) composite?
False
Let t be -4 + 33/3 + -4. Let a(w) = -32*w - 8. Let z be a(t). Let x = 231 + z. Is x composite?
False
Let d(h) be the third derivative of 119*h**6/180 - 13*h**5/120 + 19*h**4/24 - 17*h**2. Let p(i) be the second derivative of d(i). Is p(9) a prime number?
True
Let s(y) = -2*y**3 + 29*y**2 + 60*y + 229. Is s(-36) prime?
False
Suppose -17771 = -3*p - 29*t + 33*t, -4*t + 11854 = 2*p. Is (-6 + p)*(-3)/(-9) prime?
True
Let k(t) = 14*t - 25. Suppose -3*o + o + 32 = -3*r, r - 37 = -3*o. Is k(o) composite?
False
Let f = 13312 + 186262. Is f a prime number?
False
Suppose -7*g + 11*g + 8 = 0. Let l(w) = -22*w - 10. Let v be l(g). Is 36954/v + (-16)/(-136) prime?
True
Let m be (2/(-4))/((-38)/8 - -5). Let d = m + 4. Suppose 0 = -3*v + 1687 + d. Is v composite?
False
Is (11631/9)/((-1408)/1416 + 1) prime?
False
Is (40/42 + 14/(-49))*235617/2 a prime number?
True
Let z(f) = 848*f - 160. Let n(h) = -1. Let a(r) = 3*n(r) - z(r). Is a(-5) prime?
True
Let y = 24 - 16. Let k = -21013 - -40179. Suppose -y*n + k - 4422 = 0. Is n a prime number?
False
Let s = 3072302 - 2112643. Is s composite?
False
Let k = 1427827 - 758232. Is k composite?
True
Let j(h) = -9643*h - 28. Is j(-3) prime?
True
Suppose 439427 = 34*f - 431687. Is f prime?
True
Suppose 42 = 2*x - 4*v + 22, -10 = 4*x + 2*v. Is (x + -1)/(-8 - 1989/(-249)) composite?
False
Let q = 10770940 + -7515855. Is q prime?
False
Suppose f - 4 = q, -4*q = 4*f + 26 - 2. Let y(t) = 32*t**2 + 10*t + 7. Let x(d) = 6*d**2 + d - 1. Let g(w) = -5*x(w) + y(w). Is g(q) a composite number?
False
Suppose -30*x + 167 + 253 = 0. Suppose x*z - 61863 = 68015. Is z a prime number?
True
Suppose y - 23 = -2*d + 3, -5*d - 4*y + 62 = 0. Is 2/d*30781 - (-26)/(-91) a composite number?
False
Let q = 145 + -64. Let c = 737 + q. Is c a prime number?
False
Is 135989368/152 - 16/(-152) a prime number?
True
Suppose 52521 = 5*l - 4879. Let p = l + -6949. Is p a prime number?
False
Suppose 4 = -4*l, 8 - 4 = r + 2*l. Suppose -986 = -r*g + 13636. Is g a prime number?
True
Let w(v) = -2*v**2 - 2*v - 2. Let s be w(-1). Let l be -71*-3*s/(-6). Is 10*l - 18/6 composite?
True
Suppose -3*r - 9 = 0, -21*x + r = -26*x + 566392. Is x composite?
False
Let m = 68 + -69. Is (54425/(-75))/((-2)/(-6)*m) prime?
False
Suppose -9*t = -21 - 6. Suppose 7237 = -5*g - 4*z - 0*z, -t*g - 4339 = 4*z. Let k = g - -2428. Is k a prime number?
False
Let i(m) = 48*m**2 + 22*m + 178. Let u be i(-15). Let s = u - -2007. Is s prime?
False
Let n be (-2)/((-8)/402) - 72/48. Let j = n + -106. Let k(i) = -13*i**3 - 6*i**2 + i - 5. Is k(j) a composite number?
False
Suppose 5*x + z - 556003 = -85205, 4*z - 188330 = -2*x. Is x prime?
False
Suppose -2*z - 3*o + 130328 = 0, 3*o + 80427 = -3*z + 275922. Is z a composite number?
False
Let v(q) = 21*q**3 + 3*q**2 - 41*q - 1. Is v(6) a composite number?
False
Let m be (-6)/(-8) + (5 - (-6237)/(-12)). Let l = -296 - m. Is l prime?
False
Suppose -9*t = -7*t + 2, 2*n = -2*t + 1072. Is n prime?
False
Let i be 54 + -1*(5 + -2). Suppose -6*l - 3 = i. Is 144 + (-2)/(-3)*l/6 a prime number?
False
Let w(k) = -4325*k - 47. Is w(-2) prime?
False
Let f(b) = b**2 + 4*b - 39. Let t be f(6). Suppose 0 = -5*d - 20, 26*d = 4*i + t*d - 50824. Is i composite?
True
Let c be -189 + (0/4 - 1). Let k = 1687 + c. Is k a composite number?
True
Let z be (-2)/(-3 + (-3 - 66/(-12))). Is 32544/27 - -7 - z/(-6) a composite number?
False
Let d(p) = -4*p**2 - 41*p + 53771. Is d(0) a prime number?
False
Suppose -208 = 75*p - 83*p. Suppose p